ulate the remainder when k is divided by d.
8
Let x(a) = -10*a - 78. Calculate the remainder when x(-9) is divided by 5.
2
What is the remainder when 27 is divided by 28/(-1)*(-12)/24?
13
Let l = -301 + 389. Calculate the remainder when l is divided by (-1)/(-3) + (-89)/(-3).
28
Suppose 0 = -4*r + 2*r + 28. Suppose -31 - r = -3*x. What is the remainder when x is divided by 8?
7
Let b be (-226)/(-10) + 2/5. Let i = b - 12. What is the remainder when i is divided by 1 + 7 - 2*1?
5
Calculate the remainder when 75 is divided by (2 - 0)*(-57)/(-6).
18
Let y be -2 + 0 + 1 + -6. Let z = y + 12. Calculate the remainder when 13 is divided by z.
3
Suppose -5*v - 10 = 5*u, -2*u - 7 = v + 2*v. Let g be 3/4*(0 + 4). Calculate the remainder when 2 is divided by 1/u - (g + -3).
0
Suppose -3*m - 1 + 115 = 0. Calculate the remainder when 111 is divided by m.
35
Suppose -99 = -5*m + 2*m. Let k(c) = c**3 - 4*c**2 - 3*c + 7. Let q = -2 - -7. Calculate the remainder when m is divided by k(q).
16
Suppose r + 1 = 3. Suppose r*v - 177 + 17 = 0. What is the remainder when v is divided by 27?
26
Suppose 0*a = 4*a + 2*c - 22, 5*c - 1 = -a. Let o = a - 4. Calculate the remainder when o is divided by 1.
0
Let y be 61 - 3 - 2/2. Suppose -6*u = -9*u + y. Calculate the remainder when u is divided by 7.
5
Suppose 0*a + 114 = 4*b - 2*a, -5*a = -b + 33. Calculate the remainder when b is divided by 5.
3
What is the remainder when (-85)/(-3*(-1 - (-8)/6)) is divided by 23?
16
Suppose 3*a + 2*a - 3*n - 196 = 0, 3*n = -5*a + 184. What is the remainder when a is divided by 20?
18
Suppose -110 = -5*z - 3*c, -5*z + 116 + 29 = -4*c. Suppose 0 = 2*u - l + 5*l - 22, 2*u + l = z. What is the remainder when 24 is divided by u?
11
Suppose p + 24 + 74 = 3*x, 5*x + 3*p - 168 = 0. Let l(n) = -2*n + 9. What is the remainder when x is divided by l(0)?
6
What is the remainder when 152*3/6 + -1 is divided by 26?
23
Suppose -d + 0*d = 4*b - 7, -3*d = 4*b - 61. Calculate the remainder when d is divided by 7.
6
Let v(q) = 5*q**2 - 3*q + 2. Let o be v(2). Let h = 18 - o. Calculate the remainder when 8 is divided by h.
0
Let r = 58 - 37. Suppose 0 = -5*n + 586 + 214. Suppose -g = 3*g - n. What is the remainder when g is divided by r?
19
Let r(f) = f**3 - f**2. Let c be r(0). Suppose 5*g + 0*x - x - 32 = c, 3*x = -2*g + 23. What is the remainder when 12 is divided by g?
5
Let u(j) = 4*j - 14. Calculate the remainder when 67 is divided by u(6).
7
Let i(f) = -16*f - 3. Let a(d) = d**2 - 2*d + 2. Suppose -12 = -g - 2*g. What is the remainder when i(-2) is divided by a(g)?
9
Let n = 100 + -69. What is the remainder when n is divided by 1/((3/(-8))/(-3))?
7
Let z = 6 + -4. Suppose -50 = -z*f + 3*y, 2*f + 3*y = 5*f - 69. Let v(x) = 8*x**2 - 2*x + 1. What is the remainder when f is divided by v(1)?
5
Suppose 141 + 159 = 5*p. Let s = 48 + -27. Calculate the remainder when p is divided by s.
18
Let w(f) = f**2 + 4*f - 2. Let r be w(-5). What is the remainder when ((-18)/8)/(1/(-12)) is divided by 28/r*(-6)/(-4)?
13
Let a be ((-15)/(-5))/((-6)/(-4)). Calculate the remainder when 17 is divided by 6 + a/(-4)*0.
5
Suppose -2*o = -q + 10, -4*o + 7*o = 15. What is the remainder when (-292)/(-5) + (-4)/10 is divided by q?
18
Suppose 0 = -5*k - 4*y + 45, -y = -5*k + y + 75. What is the remainder when 31 is divided by k?
5
Suppose 0 = i + 4*x + x - 59, -2*x - 58 = -2*i. Let n = 3 + -1. What is the remainder when i is divided by 24/10*10/n?
10
Suppose 2*j = -3*j + 50. Let r = 26 + 3. What is the remainder when r is divided by j?
9
Suppose 92 = 6*y - 46. Calculate the remainder when 90 is divided by y.
21
Let n(t) = t + 2. Let h be n(6). Let i = -44 - -49. Suppose k = i*k - h. Calculate the remainder when k is divided by 2.
0
Let q = -6 - -9. Suppose -4*d - d = z + 31, q*z = 3*d - 39. What is the remainder when ((-2)/1)/(4/z) is divided by 3?
2
Suppose -5*d = -214 - 6. Suppose -3*b + d = 4*a, -3*a + b + 27 + 19 = 0. Calculate the remainder when 26 is divided by a.
12
Suppose 0*x = -3*x. Suppose -8 = -4*k, x*k = 4*o + 5*k + 166. Let s = o + 90. What is the remainder when s is divided by 16?
14
Suppose -2*c = -4*h - 2, 5*h + 12 = 5*c + 2*h. Suppose x = -c*x + 40. What is the remainder when 29 is divided by x*((-21)/(-6) + -2)?
14
Let j(o) = -10*o - 27. What is the remainder when j(-8) is divided by 14?
11
Let l be (-18)/(-24) + (-29)/(-4). What is the remainder when ((-50)/l)/((-1)/4) is divided by 9?
7
Suppose -34 = 3*w - 5*w. What is the remainder when (21 - 27)/(2/(-15)) is divided by w?
11
Let m = -39 + 153. What is the remainder when m is divided by 29?
27
Calculate the remainder when (-1 - -12)/((-1)/(-4)) is divided by 16.
12
Let h(u) = -u**2 + u + 37. Let i be 4/(-20) + (-2)/(-10). Calculate the remainder when h(i) is divided by 10.
7
Let s = -10 - -13. Let i(t) be the second derivative of t**3/6 + 2*t**2 - 2*t. Calculate the remainder when 20 is divided by i(s).
6
Let i be ((-8)/6)/(2/3). What is the remainder when 7 is divided by (i - -1)/(3/(-9))?
1
Suppose 2*f = r - 16, 4*r = -2*f - 2*f + 28. What is the remainder when 17 is divided by r?
7
Let a(y) = 7*y + 1. What is the remainder when a(7) is divided by 14?
8
Let c = 9 - 10. Calculate the remainder when -7 + 6 - (c + -76) is divided by 26.
24
Suppose 4*q - 124 + 32 = 0. What is the remainder when 34/5*(12 + -2) is divided by q?
22
Suppose 4*a + 0*a = 64. Calculate the remainder when 29 is divided by a.
13
Suppose -3*h - 22 + 85 = 0. Calculate the remainder when h is divided by 11.
10
Suppose 4*t - 3*f = 111, 0 = -4*t - f - 4 + 95. Suppose 0*s + 24 = 2*h - 2*s, 2*h - 5*s = t. What is the remainder when 33 is divided by h?
9
Let p = 1 + -1. Suppose -i + 16 = -p*i. Calculate the remainder when 45 is divided by i.
13
Let t = -25 - -42. Let b = 2 - -1. Suppose 15 + b = 3*g. Calculate the remainder when t is divided by g.
5
Suppose 2*x + 3 = 33. What is the remainder when x is divided by 4?
3
Suppose -7 - 5 = -4*o. Suppose -3*j = 4*c - 32 + 8, c - 33 = -o*j. What is the remainder when 33 is divided by j?
9
Calculate the remainder when 32/(-80) - (-87)/5 is divided by 4.
1
Let t = 4 + -4. Suppose l + 5 = 5*m - 55, -3*m + 4*l + 36 = t. Calculate the remainder when 35 is divided by m.
11
Suppose 3*k = -2*z + 388, -70 = 5*k + 3*z - 718. Calculate the remainder when k is divided by 19.
18
Suppose -2*a = 4, 4*h - 2*h - 72 = 5*a. What is the remainder when 185 is divided by h?
30
Let y = 231 - 215. Calculate the remainder when (4/2)/2 + 60 is divided by y.
13
Let o(y) = -y**3 - 2*y**2 - y - 2. Let d be o(-2). Suppose -x = 4*w - 21 - 10, d = -4*x + 5*w + 40. What is the remainder when 29 is divided by x?
14
Let y = -4 + 15. What is the remainder when 19 is divided by y?
8
Let b = 3 - 1. Let a be 3/(0 + 9/12). Suppose 4*v + a = -4*t, -3*v + 1 = 2*v + 3*t. Calculate the remainder when v is divided by b.
0
Let c be 3/(2 + 7/(-5)). Let s(n) = n**3 - 5*n**2 + 3*n - 7. Calculate the remainder when 14 is divided by s(c).
6
Let h = 280 - 238. What is the remainder when h is divided by (4/((-8)/30))/(-1)?
12
What is the remainder when 53 is divided by ((-6)/(-4))/(15/270)?
26
Let l = 38 - 6. Suppose 0 = -4*s + 2*f + 556 - 54, -3*s - 2*f + 380 = 0. Calculate the remainder when s is divided by l.
30
Suppose -3*i = -15 - 24. Let m = -5 + i. What is the remainder when 15 is divided by m?
7
Suppose -7*r + 6*r = -14. Suppose 0 = j - 12 - 28. What is the remainder when j is divided by r?
12
Let p = 192 - 136. Let i = p - 33. What is the remainder when i is divided by 8?
7
Suppose 4*v - p = -3*p + 38, 4*p = -4. Calculate the remainder when v is divided by 5.
0
Let n be -3 + (0 - -2) - -8. Let y(s) = s**2 - 5*s + 3. Let j be y(n). Let c = j + -6. What is the remainder when 31 is divided by c?
9
Let o = 15 - -20. Calculate the remainder when o is divided by 9.
8
Let w(m) = m**3 - 5*m**2 - 2*m - 8. Suppose 65 = 5*l + 3*n, 55 = 4*l + l + n. Calculate the remainder when w(6) is divided by l.
6
Let i be (-1 + 2)/((-3)/(-42)). Suppose -4*b - 2*d + 138 = 0, -2*b + 36 + 30 = 2*d. What is the remainder when b is divided by (-7)/i - 27/(-2)?
10
Suppose 0 = -6*d - d + 77. What is the remainder when 18 is divided by d?
7
Let j(m) = -m**2 + 13*m + 11. Let i(z) = z**2 + 12*z + 12. Calculate the remain